common factor of t and f?
8
Suppose -i - 2*i = 108. Let x be ((-21)/(-12))/((-3)/i). Calculate the greatest common divisor of 21 and x.
21
Suppose q - 215 = 2*r, 2*r = -3*q - 2*q + 1039. What is the highest common factor of q and 19?
19
Let g = 5 - 3. Let v = -9 + 23. Let p be 12 - 0 - v/(-7). What is the highest common divisor of p and g?
2
Let g be 1/(-3) - 56/(-6). Let d be 2*g/12*26. What is the highest common divisor of d and 13?
13
Let k(j) = -5*j - 3. Let f be k(-2). What is the greatest common divisor of f and 28?
7
Suppose -2*g - 443 + 28 = -3*n, 0 = -4*n + g + 545. Let l be 1 - (3 + (-2)/2). Let x be l + 18 - (3 - 1). What is the highest common factor of n and x?
15
Suppose -3*k - k = -20. Suppose -4*u + b = 4*b - 81, -b + 93 = k*u. Calculate the greatest common factor of 9 and u.
9
Let k(i) = -i**3 - 3*i**2 - 3*i + 4. Let b = 16 + -20. Let n be k(b). What is the greatest common factor of 8 and n?
8
Suppose 0 = j, 3*z + 2*j = -0*z + 225. Suppose 142 + 8 = 3*r. Calculate the highest common factor of r and z.
25
Suppose -2*n - 3*d + 79 = 0, 5*n + 2*d - 214 = -22. Let a be (-2)/6 - n/(-6). Calculate the highest common divisor of 6 and a.
6
Let h be ((-6)/(-3))/(2/(-12)). Let m = -4 - h. Calculate the greatest common factor of m and 64.
8
Let h be 40 + (0 - -2)*-2. What is the greatest common divisor of 12 and h?
12
Let m(v) = v**2 + 0*v**2 + 1 + v + 3*v**2 + 0. Let y be m(3). Calculate the greatest common divisor of 8 and y.
8
Let i(f) = f + 3. Let x be i(7). Let q(v) = -23*v + 1. Let l be q(-3). What is the highest common divisor of x and l?
10
Let l = 11 - 7. Let c be 1 - l - 46/(-2). Calculate the highest common divisor of 10 and c.
10
Let r = 21 - 17. Calculate the highest common factor of r and 40.
4
Suppose 8*a = 3*a + 5. Calculate the greatest common factor of a and 8.
1
Let m(g) = g**3 + 3*g**2 - 4*g - 1. Let t be m(-4). Let i be (t - 4)*24/(-30). Calculate the highest common divisor of 2 and i.
2
Suppose 2*k - 1 = 5*f + 13, -f + 2*k + 2 = 0. Let w(j) = -2*j**3 - 2*j**2 - 5*j - 6. Let c be w(f). Calculate the highest common factor of 10 and c.
10
Suppose v - 4*v + 21 = 3*w, 4 = -4*v. What is the greatest common factor of w and 4?
4
Let v(i) = -i - 1. Let q be v(-3). Suppose q*x = 25 + 87. Calculate the highest common divisor of 7 and x.
7
Suppose 2*p = -1 + 3. Suppose -j + 5*g + p = 0, 26 = j + g - 5. What is the highest common factor of 65 and j?
13
Suppose 0 = -4*y + 37 + 155. Let d(j) = 8*j - 2. Let o be d(1). Calculate the highest common factor of o and y.
6
Let z = -60 - -106. Let j = z + -26. Calculate the greatest common factor of 10 and j.
10
Let r be (13/2)/(2/4). Let d be 13/2*(24 - 6). What is the greatest common factor of d and r?
13
Let n be 77/2 + (-1)/(-2). Let r = 20 - 17. Suppose 0 = -t - 2*x + 3, -29 = -r*t - 2*x - 0*x. What is the highest common divisor of t and n?
13
Suppose 5*r - 711 - 4 = 0. Suppose 2*x - 4 = 0, 3*y + 5*x - 46 - 3 = 0. Calculate the highest common factor of r and y.
13
Suppose f + 2*f - 3 = 0. What is the highest common divisor of f and 1?
1
Let k(v) = v + 4. Let l(y) = -y**3 - 5*y**2 - 2*y + 2. Let b be l(-4). Let p be k(b). Let a be (7/21)/(p/(-30)). What is the highest common factor of 10 and a?
5
Let j be 12/4*6*2. Calculate the highest common divisor of j and 4.
4
Let d be 1/((-2)/(-6)) + 9. Suppose -5*q + x + 47 = 0, -2*q + d + 0 = 3*x. Calculate the highest common factor of 45 and q.
9
Let k be ((-10)/(-15))/((-2)/(-66)). Let v = 8 - 7. Let f = 56 - v. What is the greatest common factor of k and f?
11
Let t(p) = 21*p - 4. Let i be t(1). Let o = -39 + 107. Calculate the highest common factor of o and i.
17
Let s = -345 - -695. Calculate the greatest common divisor of 35 and s.
35
Let o(x) = -x**3 + 9*x**2 + 3*x + 1. Let v = -2 + 8. Let k = v - -3. Let y be o(k). What is the highest common factor of 7 and y?
7
Suppose -7*h = 4*h - 286. Suppose 0 = -3*a + 4*a - 2. Let r be 52/2*a/4. Calculate the highest common factor of h and r.
13
Let w be 4 - (-224)/(1 + 3). Suppose -5*h + 75 = -s, 2*s = -5*h + 2*h + 45. What is the greatest common factor of h and w?
15
Suppose y = 5*x + 3*y - 26, -2*y = -6. Calculate the highest common divisor of 16 and x.
4
Let w be 188/1 - (-9 - -7) - -2. Calculate the highest common divisor of w and 24.
24
Suppose 5*t - 12 = -2. Suppose -1 = t*i - 23. Calculate the highest common divisor of 33 and i.
11
Let g(w) = 5*w - 7. Let x be g(14). Calculate the greatest common factor of 21 and x.
21
Let o(r) = 5*r - 23. Suppose -4*a = -20, -2*w - 2*w - 4*a = -72. Let l be o(w). What is the highest common factor of l and 28?
14
Suppose 0 = -t + 2*t - 34. Suppose -5*y + 161 = -264. Calculate the greatest common factor of y and t.
17
Let q = 163 + -19. Calculate the greatest common divisor of q and 18.
18
Let m be ((-81)/(-36))/(3/32). What is the greatest common factor of 6 and m?
6
Suppose 0 = -6*t + 2*t. Let x be (-2 - -7)*(-1 - t). Let d be (x/15)/(2/(-210)). What is the highest common factor of d and 14?
7
Suppose 2*g + 69 = 6*g - q, 0 = 4*g + q - 75. What is the highest common factor of g and 2?
2
Let y = 61 + -24. Suppose -y - 11 = -4*g. Calculate the highest common divisor of 96 and g.
12
Suppose 2*j = -j + 15. Calculate the greatest common factor of 45 and j.
5
Suppose 15 = 3*c - 33. Let x(j) = 3*j**2 - 3*j - 4. Let l be x(-3). What is the highest common divisor of l and c?
16
Suppose -4*v + 113 = -27. Suppose m + 3 = 5. Suppose -5 = t - m*t. Calculate the highest common factor of v and t.
5
Let q = 5 - 5. Suppose q = -2*u + 6 - 0. Suppose -77 = -u*j + 2*c, -4*c + 2*c = 2*j - 48. What is the greatest common divisor of 75 and j?
25
Suppose 5*k + 2 = -3*q, 14 = -5*k - 6. Suppose 0 = 5*t - 105 + 30. What is the highest common divisor of q and t?
3
Let s(u) = -64*u**2 + u. Let a be s(-1). Let j = a + 103. Calculate the highest common factor of j and 57.
19
Let d = -58 + 194. What is the highest common divisor of d and 17?
17
Let t = 5 - 2. Let n = 7 - t. What is the highest common divisor of 16 and n?
4
Suppose 0 = -2*s - 3*t + 26, 9*t - 41 = -3*s + 5*t. Calculate the highest common factor of 171 and s.
19
Let j = -5 - -32. Let d = 39 - j. Let n(r) = -6*r**3 - 4*r**2 - 4*r - 4. Let a be n(-2). What is the greatest common factor of a and d?
12
Let m be 18 - (-3)/((-4 + 7)/(-3)). Calculate the highest common factor of 15 and m.
15
Let c = -13 - -23. Let j be (-3 + -2 + 4)*-5. Calculate the highest common factor of j and c.
5
Let m(t) = -2*t**3 + 7*t**2 - t + 7. Let s be m(5). Let h = -9 - s. Calculate the highest common divisor of 8 and h.
8
Suppose -4*q - 6*c + 36 = -c, -5*c + 32 = 3*q. Let t = q + -3. Calculate the highest common divisor of 3 and t.
1
Let l(i) = 4*i**2 + 6*i + 1. Let a(z) = 5*z**2 + 7*z + 1. Let r(j) = -3*a(j) + 4*l(j). Let o be r(-3). What is the greatest common factor of 11 and o?
1
Let i be -1 - (-15 - 1 - 2). Suppose f + 5*b - 21 = 0, 4*f - i = 3*f - 3*b. What is the greatest common factor of 77 and f?
11
Let r be 4/(-14) - 24/14. Let z be (2 + r)*(-3)/(-6). Suppose -5*o - 4*a = -z*o - 660, 4*a + 396 = 3*o. Calculate the greatest common divisor of o and 12.
12
Let r be -5*1*132/(-15). Let q be ((-24)/10)/((-9)/60). Suppose 2*t - q = -2*t. What is the highest common divisor of t and r?
4
Let i(c) = -5*c**2 - 7*c - 7. Let v(w) = 6*w**2 + 7*w + 8. Let k(b) = 5*i(b) + 4*v(b). Let t be k(-6). Calculate the highest common divisor of 27 and t.
3
Suppose -2*n - 15 = -n. Let j be ((-6)/n)/(2/20). Suppose 4*h - 54 = -0*h + a, 0 = j*h - 3*a - 50. What is the greatest common divisor of 2 and h?
2
Suppose 4*x = -8, i = -2*i + 2*x + 88. Calculate the greatest common divisor of i and 42.
14
Suppose a - 4*t - 112 = 0, 164 = 2*a - 4*t - 68. Suppose a = 3*i - 2*i. Calculate the highest common divisor of 24 and i.
24
Suppose -100 = -2*d - 3*d. Let c be ((-25)/30)/(2/(-12)). Suppose -1 + 251 = c*z. Calculate the highest common factor of d and z.
10
Let d = 55 + -50. Calculate the greatest common factor of 35 and d.
5
Let g(t) = t**3 + 6*t**2 + 4*t. Let j be g(-5). Suppose -5*z - 4*k + 43 = -48, j*k + 5 = 0. What is the highest common divisor of z and 95?
19
Let f(b) = -9*b - 3. Let n be f(-4). Suppose -3*d = -d - 5*l + 78, 3*d + 3*l + 96 = 0. Let x = -12 - d. Calc